{"id":42,"date":"2017-11-09T13:46:34","date_gmt":"2017-11-09T13:46:34","guid":{"rendered":"http:\/\/www.cozynotes.cz\/?page_id=42"},"modified":"2025-03-05T10:29:41","modified_gmt":"2025-03-05T09:29:41","slug":"contact","status":"publish","type":"page","link":"https:\/\/www.cozynotes.cz\/index.php\/contact\/","title":{"rendered":"O Kozl\u00ed\u010dkovi"},"content":{"rendered":"\n<p><em>&#8230;Javore, javore zelen\u00fd, kde s\u00fa tvoje ko\u0159eny, vrostl\u00e9 do tr\u00e1vy, vrostl\u00e9 do hl\u00edny, vrostl\u00e9 do kamen\u00ed&#8230; vrostl\u00e9 do vzpom\u00ednek, vrostl\u00e9 do srdc\u00ed.<\/em><\/p>\n\n\n\n<h1 class=\"wp-block-heading\"><\/h1>\n\n\n\n<figure class=\"wp-block-image size-full\"><a href=\"https:\/\/www.cozynotes.cz\/wp-content\/uploads\/2024\/11\/20241103_110455.jpg\"><img loading=\"lazy\" decoding=\"async\" width=\"935\" height=\"935\" src=\"https:\/\/www.cozynotes.cz\/wp-content\/uploads\/2024\/11\/20241103_110455.jpg\" alt=\"\" class=\"wp-image-4458\" srcset=\"https:\/\/www.cozynotes.cz\/wp-content\/uploads\/2024\/11\/20241103_110455.jpg 935w, https:\/\/www.cozynotes.cz\/wp-content\/uploads\/2024\/11\/20241103_110455-300x300.jpg 300w, https:\/\/www.cozynotes.cz\/wp-content\/uploads\/2024\/11\/20241103_110455-150x150.jpg 150w, https:\/\/www.cozynotes.cz\/wp-content\/uploads\/2024\/11\/20241103_110455-768x768.jpg 768w, https:\/\/www.cozynotes.cz\/wp-content\/uploads\/2024\/11\/20241103_110455-100x100.jpg 100w\" sizes=\"(max-width: 706px) 89vw, (max-width: 767px) 82vw, 740px\" \/><\/a><\/figure>\n\n\n\n<h2 class=\"wp-block-heading\"><strong>Zden\u011bk J. D. Kozl\u00ed\u010dek<\/strong><\/h2>\n\n\n\n<p>Narodil jsem se\u00a0 s srpnu 1978 v Jihlav\u011b. <\/p>\n\n\n\n<p>Studoval jsem na gymn\u00e1ziu v Tel\u010di, pak jsem p\u0159es\u00eddlil do ji\u017en\u00edch \u010cech a za\u010dal studovat tehdy je\u0161t\u011b Biologickou fakultu v \u010cesk\u00fdch Bud\u011bjovic\u00edch.<\/p>\n\n\n\n<p>Po \u0161kole jsem se\u00a0v Bud\u011bjc\u00edch\u00a0na p\u00e1r let usadil. Cht\u011bl by tam sice \u017e\u00edt ka\u017ed\u00fd, ale m\u011b to odtud t\u00e1hlo jinam. V ji\u017en\u00edch \u010cech\u00e1ch jsem\u00a0sice z\u016fstal, ale na dohled kopc\u016f Vyso\u010diny. Na okraji. Proto\u017ee my biologov\u00e9 v\u00edme, \u017ee tahle okrajov\u00e1 spole\u010denstva jsou v\u017edycky nejbohat\u0161\u00ed a nejpest\u0159ej\u0161\u00ed.<\/p>\n\n\n\n<p>Jsem v\u0161udezdej\u0161\u00ed. R\u00e1d nas\u00e1v\u00e1m atmosf\u00e9ru r\u016fzn\u00fdch m\u00edst. Je to zdroj inspirace.<\/p>\n\n\n\n<p>T\u0159ebo\u0148, Sob\u011bslav. Moje doma ale z\u016fst\u00e1v\u00e1 i v Jihlav\u011b. K srdci mi p\u0159irostl i kouzeln\u00fd kraj Kladsk\u00e9ho pomez\u00ed a osudov\u00e1 Ostrava.<\/p>\n\n\n\n<p>Bav\u00ed m\u011b psan\u00ed, cestov\u00e1n\u00ed, muzika (nejen klasick\u00e1), focen\u00ed&#8230;. Miluju betl\u00e9my, najdete je v samostatn\u00e9 z\u00e1lo\u017ece tady na notesu.<\/p>\n\n\n\n<p>Mnohem v\u00edc se o mn\u011b dozv\u00edte p\u0159i listov\u00e1n\u00ed.<\/p>\n\n\n\n<p>Proto\u017ee komunikace m\u00e1 b\u00fdt obousm\u011brn\u00e1, m\u016f\u017eete mi, pokud chcete, zanechat zpr\u00e1vu<\/p>\n\n\n<div role=\"form\" class=\"wpcf7\" id=\"wpcf7-f500-o1\" lang=\"en-US\" dir=\"ltr\">\n<div class=\"screen-reader-response\"><\/div>\n<form action=\"\/index.php\/wp-json\/wp\/v2\/pages\/42#wpcf7-f500-o1\" method=\"post\" class=\"wpcf7-form\" novalidate=\"novalidate\">\n<div style=\"display: none;\">\n<input type=\"hidden\" name=\"_wpcf7\" value=\"500\" \/>\n<input type=\"hidden\" name=\"_wpcf7_version\" value=\"5.1.6\" \/>\n<input type=\"hidden\" name=\"_wpcf7_locale\" value=\"en_US\" \/>\n<input type=\"hidden\" name=\"_wpcf7_unit_tag\" value=\"wpcf7-f500-o1\" \/>\n<input type=\"hidden\" name=\"_wpcf7_container_post\" value=\"0\" \/>\n<\/div>\n<p><label> Jm\u00e9no a p\u0159\u00edjmen\u00ed<br \/>\n    <span class=\"wpcf7-form-control-wrap your-name\"><input type=\"text\" name=\"your-name\" value=\"\" size=\"40\" class=\"wpcf7-form-control wpcf7-text wpcf7-validates-as-required\" aria-required=\"true\" aria-invalid=\"false\" \/><\/span> <\/label><\/p>\n<p><label> V\u00e1\u0161 E-mail<br \/>\n    <span class=\"wpcf7-form-control-wrap your-email\"><input type=\"email\" name=\"your-email\" value=\"\" size=\"40\" class=\"wpcf7-form-control wpcf7-text wpcf7-email wpcf7-validates-as-required wpcf7-validates-as-email\" aria-required=\"true\" aria-invalid=\"false\" \/><\/span> <\/label><\/p>\n<p><label> Zpr\u00e1va<br \/>\n    <span class=\"wpcf7-form-control-wrap your-message\"><textarea name=\"your-message\" cols=\"40\" rows=\"10\" class=\"wpcf7-form-control wpcf7-textarea\" aria-invalid=\"false\"><\/textarea><\/span> <\/label><\/p>\n<p><input type=\"submit\" value=\"Send\" class=\"wpcf7-form-control wpcf7-submit\" \/><\/p>\n<div class=\"wpcf7-response-output wpcf7-display-none\"><\/div><\/form><\/div>\n","protected":false},"excerpt":{"rendered":"<p>&#8230;Javore, javore zelen\u00fd, kde s\u00fa tvoje ko\u0159eny, vrostl\u00e9 do tr\u00e1vy, vrostl\u00e9 do hl\u00edny, vrostl\u00e9 do kamen\u00ed&#8230; vrostl\u00e9 do vzpom\u00ednek, vrostl\u00e9 do srdc\u00ed. Zden\u011bk J. D. Kozl\u00ed\u010dek Narodil jsem se\u00a0 s srpnu 1978 v Jihlav\u011b. Studoval jsem na gymn\u00e1ziu v Tel\u010di, pak jsem p\u0159es\u00eddlil do ji\u017en\u00edch \u010cech a za\u010dal studovat tehdy je\u0161t\u011b Biologickou fakultu v \u010cesk\u00fdch &hellip; <\/p>\n<p class=\"link-more\"><a href=\"https:\/\/www.cozynotes.cz\/index.php\/contact\/\" class=\"more-link\">Pokra\u010dovat ve \u010dten\u00ed<span class=\"screen-reader-text\"> &#8222;O Kozl\u00ed\u010dkovi&#8220;<\/span><\/a><\/p>\n","protected":false},"author":1,"featured_media":0,"parent":0,"menu_order":0,"comment_status":"closed","ping_status":"closed","template":"","meta":{"footnotes":""},"_links":{"self":[{"href":"https:\/\/www.cozynotes.cz\/index.php\/wp-json\/wp\/v2\/pages\/42"}],"collection":[{"href":"https:\/\/www.cozynotes.cz\/index.php\/wp-json\/wp\/v2\/pages"}],"about":[{"href":"https:\/\/www.cozynotes.cz\/index.php\/wp-json\/wp\/v2\/types\/page"}],"author":[{"embeddable":true,"href":"https:\/\/www.cozynotes.cz\/index.php\/wp-json\/wp\/v2\/users\/1"}],"replies":[{"embeddable":true,"href":"https:\/\/www.cozynotes.cz\/index.php\/wp-json\/wp\/v2\/comments?post=42"}],"version-history":[{"count":28,"href":"https:\/\/www.cozynotes.cz\/index.php\/wp-json\/wp\/v2\/pages\/42\/revisions"}],"predecessor-version":[{"id":4547,"href":"https:\/\/www.cozynotes.cz\/index.php\/wp-json\/wp\/v2\/pages\/42\/revisions\/4547"}],"wp:attachment":[{"href":"https:\/\/www.cozynotes.cz\/index.php\/wp-json\/wp\/v2\/media?parent=42"}],"curies":[{"name":"wp","href":"https:\/\/api.w.org\/{rel}","templated":true}]}}